{"id":1246,"date":"2026-01-06T17:12:00","date_gmt":"2026-01-06T17:12:00","guid":{"rendered":"https:\/\/nuestrasfinanzasencorto.com\/?page_id=1246"},"modified":"2026-02-26T18:14:56","modified_gmt":"2026-02-26T18:14:56","slug":"jovenes-2","status":"publish","type":"page","link":"https:\/\/nuestrasfinanzasencorto.com\/inicio\/aprende\/jovenes-2\/","title":{"rendered":"J\u00f3venes"},"content":{"rendered":"\t\t<div data-elementor-type=\"wp-page\" data-elementor-id=\"1246\" class=\"elementor elementor-1246\" data-elementor-post-type=\"page\">\n\t\t\t\t<div class=\"elementor-element elementor-element-1fe5baa6 e-flex e-con-boxed e-con e-parent\" data-id=\"1fe5baa6\" data-element_type=\"container\" data-e-type=\"container\">\n\t\t\t\t\t<div class=\"e-con-inner\">\n\t\t\t\t<div class=\"elementor-element elementor-element-720d4fd elementor-widget elementor-widget-heading\" data-id=\"720d4fd\" data-element_type=\"widget\" data-e-type=\"widget\" data-widget_type=\"heading.default\">\n\t\t\t\t\t<h2 class=\"elementor-heading-title elementor-size-default\">J\u00f3venes<\/h2>\t\t\t\t<\/div>\n\t\t\t\t<div class=\"elementor-element elementor-element-31b1a50c elementor-widget elementor-widget-text-editor\" data-id=\"31b1a50c\" data-element_type=\"widget\" data-e-type=\"widget\" data-widget_type=\"text-editor.default\">\n\t\t\t\t\t\t\t\t\t\n<p>Aqu\u00ed encontrar\u00e1s tips y consejos para que tu dinero te rinda m\u00e1s: c\u00f3mo ahorrar para tus metas, usar tu tarjeta, organizar tus gastos y evitar deudas. Explora los videos y art\u00edculos y empieza a construir un futuro financiero m\u00e1s tranquilo desde hoy.<\/p>\n\n<p>\u00a0<\/p>\n\t\t\t\t\t\t\t\t<\/div>\n\t\t\t\t<div class=\"elementor-element elementor-element-6ce5a77 elementor-grid-3 elementor-grid-tablet-2 elementor-grid-mobile-1 elementor-posts--thumbnail-top elementor-card-shadow-yes elementor-posts__hover-gradient elementor-widget elementor-widget-posts\" data-id=\"6ce5a77\" data-element_type=\"widget\" data-e-type=\"widget\" data-settings=\"{&quot;cards_masonry&quot;:&quot;yes&quot;,&quot;pagination_type&quot;:&quot;numbers&quot;,&quot;cards_columns&quot;:&quot;3&quot;,&quot;cards_columns_tablet&quot;:&quot;2&quot;,&quot;cards_columns_mobile&quot;:&quot;1&quot;,&quot;cards_row_gap&quot;:{&quot;unit&quot;:&quot;px&quot;,&quot;size&quot;:35,&quot;sizes&quot;:[]},&quot;cards_row_gap_tablet&quot;:{&quot;unit&quot;:&quot;px&quot;,&quot;size&quot;:&quot;&quot;,&quot;sizes&quot;:[]},&quot;cards_row_gap_mobile&quot;:{&quot;unit&quot;:&quot;px&quot;,&quot;size&quot;:&quot;&quot;,&quot;sizes&quot;:[]}}\" data-widget_type=\"posts.cards\">\n\t\t\t\t<div class=\"elementor-widget-container\">\n\t\t\t\t\t\t\t<div class=\"elementor-posts-container elementor-posts elementor-posts--skin-cards elementor-grid\" role=\"list\">\n\t\t\t\t<article class=\"elementor-post elementor-grid-item post-4933 post type-post status-publish format-standard has-post-thumbnail hentry category-libertad-financiera tag-jovenes formato-articulo\" role=\"listitem\">\n\t\t\t<div class=\"elementor-post__card\">\n\t\t\t\t<a class=\"elementor-post__thumbnail__link\" href=\"https:\/\/nuestrasfinanzasencorto.com\/inicio\/invertir-joven-el-mejor-atajo-financiero-que-puedes-aprender-hoy\/\" tabindex=\"-1\" ><div class=\"elementor-post__thumbnail\"><img fetchpriority=\"high\" decoding=\"async\" width=\"300\" height=\"169\" src=\"https:\/\/nuestrasfinanzasencorto.com\/wp-content\/uploads\/2025\/11\/freepik__familia-mexicana-muy-feliz-y-abrazados-mam-y-en-pr__32645-300x169.png\" class=\"attachment-medium size-medium wp-image-60\" alt=\"\" srcset=\"https:\/\/nuestrasfinanzasencorto.com\/wp-content\/uploads\/2025\/11\/freepik__familia-mexicana-muy-feliz-y-abrazados-mam-y-en-pr__32645-300x169.png 300w, https:\/\/nuestrasfinanzasencorto.com\/wp-content\/uploads\/2025\/11\/freepik__familia-mexicana-muy-feliz-y-abrazados-mam-y-en-pr__32645-600x338.png 600w, https:\/\/nuestrasfinanzasencorto.com\/wp-content\/uploads\/2025\/11\/freepik__familia-mexicana-muy-feliz-y-abrazados-mam-y-en-pr__32645-1024x577.png 1024w, https:\/\/nuestrasfinanzasencorto.com\/wp-content\/uploads\/2025\/11\/freepik__familia-mexicana-muy-feliz-y-abrazados-mam-y-en-pr__32645-768x433.png 768w, https:\/\/nuestrasfinanzasencorto.com\/wp-content\/uploads\/2025\/11\/freepik__familia-mexicana-muy-feliz-y-abrazados-mam-y-en-pr__32645-1536x866.png 1536w, https:\/\/nuestrasfinanzasencorto.com\/wp-content\/uploads\/2025\/11\/freepik__familia-mexicana-muy-feliz-y-abrazados-mam-y-en-pr__32645.png 1632w\" sizes=\"(max-width: 300px) 100vw, 300px\" \/><\/div><\/a>\n\t\t\t\t<div class=\"elementor-post__badge\">Libertad financiera<\/div>\n\t\t\t\t<div class=\"elementor-post__text\">\n\t\t\t\t<h1 class=\"elementor-post__title\">\n\t\t\t<a href=\"https:\/\/nuestrasfinanzasencorto.com\/inicio\/invertir-joven-el-mejor-atajo-financiero-que-puedes-aprender-hoy\/\" >\n\t\t\t\tInvertir joven: el mejor atajo financiero que puedes aprender hoy\t\t\t<\/a>\n\t\t<\/h1>\n\t\t\t\t<\/div>\n\t\t\t\t\t<\/div>\n\t\t<\/article>\n\t\t\t\t<article class=\"elementor-post elementor-grid-item post-4674 post type-post status-publish format-standard has-post-thumbnail hentry category-bienestar-financiero tag-jovenes formato-podcast\" role=\"listitem\">\n\t\t\t<div class=\"elementor-post__card\">\n\t\t\t\t<a class=\"elementor-post__thumbnail__link\" href=\"https:\/\/nuestrasfinanzasencorto.com\/inicio\/amor-y-finanzas\/\" tabindex=\"-1\" ><div class=\"elementor-post__thumbnail\"><img decoding=\"async\" width=\"300\" height=\"300\" src=\"https:\/\/nuestrasfinanzasencorto.com\/wp-content\/uploads\/2026\/03\/conversaciones-sobre-el-amor-y-el-bolsillo-300x300.png\" class=\"attachment-medium size-medium wp-image-4675\" alt=\"\" srcset=\"https:\/\/nuestrasfinanzasencorto.com\/wp-content\/uploads\/2026\/03\/conversaciones-sobre-el-amor-y-el-bolsillo-300x300.png 300w, https:\/\/nuestrasfinanzasencorto.com\/wp-content\/uploads\/2026\/03\/conversaciones-sobre-el-amor-y-el-bolsillo-1024x1024.png 1024w, https:\/\/nuestrasfinanzasencorto.com\/wp-content\/uploads\/2026\/03\/conversaciones-sobre-el-amor-y-el-bolsillo-150x150.png 150w, https:\/\/nuestrasfinanzasencorto.com\/wp-content\/uploads\/2026\/03\/conversaciones-sobre-el-amor-y-el-bolsillo-768x768.png 768w, https:\/\/nuestrasfinanzasencorto.com\/wp-content\/uploads\/2026\/03\/conversaciones-sobre-el-amor-y-el-bolsillo-1536x1536.png 1536w, https:\/\/nuestrasfinanzasencorto.com\/wp-content\/uploads\/2026\/03\/conversaciones-sobre-el-amor-y-el-bolsillo-100x100.png 100w, https:\/\/nuestrasfinanzasencorto.com\/wp-content\/uploads\/2026\/03\/conversaciones-sobre-el-amor-y-el-bolsillo-600x600.png 600w, https:\/\/nuestrasfinanzasencorto.com\/wp-content\/uploads\/2026\/03\/conversaciones-sobre-el-amor-y-el-bolsillo-250x250.png 250w, https:\/\/nuestrasfinanzasencorto.com\/wp-content\/uploads\/2026\/03\/conversaciones-sobre-el-amor-y-el-bolsillo.png 2048w\" sizes=\"(max-width: 300px) 100vw, 300px\" \/><\/div><\/a>\n\t\t\t\t<div class=\"elementor-post__badge\">Bienestar financiero<\/div>\n\t\t\t\t<div class=\"elementor-post__text\">\n\t\t\t\t<h1 class=\"elementor-post__title\">\n\t\t\t<a href=\"https:\/\/nuestrasfinanzasencorto.com\/inicio\/amor-y-finanzas\/\" >\n\t\t\t\tAmor y finanzas\t\t\t<\/a>\n\t\t<\/h1>\n\t\t\t\t<\/div>\n\t\t\t\t\t<\/div>\n\t\t<\/article>\n\t\t\t\t<article class=\"elementor-post elementor-grid-item post-3728 post type-post status-publish format-video has-post-thumbnail hentry category-bienestar-financiero tag-jovenes post_format-post-format-video formato-video\" role=\"listitem\">\n\t\t\t<div class=\"elementor-post__card\">\n\t\t\t\t<a class=\"elementor-post__thumbnail__link\" href=\"https:\/\/nuestrasfinanzasencorto.com\/inicio\/quieres-consultar-tu-saldo-en-tu-tarjeta-del-banco-del-bienestar\/\" tabindex=\"-1\" ><div class=\"elementor-post__thumbnail\"><img decoding=\"async\" width=\"300\" height=\"169\" src=\"https:\/\/nuestrasfinanzasencorto.com\/wp-content\/uploads\/2026\/02\/Video-consulta-saldo-1-300x169.png\" class=\"attachment-medium size-medium wp-image-3730\" alt=\"\" srcset=\"https:\/\/nuestrasfinanzasencorto.com\/wp-content\/uploads\/2026\/02\/Video-consulta-saldo-1-300x169.png 300w, https:\/\/nuestrasfinanzasencorto.com\/wp-content\/uploads\/2026\/02\/Video-consulta-saldo-1-1024x576.png 1024w, https:\/\/nuestrasfinanzasencorto.com\/wp-content\/uploads\/2026\/02\/Video-consulta-saldo-1-768x432.png 768w, https:\/\/nuestrasfinanzasencorto.com\/wp-content\/uploads\/2026\/02\/Video-consulta-saldo-1-600x338.png 600w, https:\/\/nuestrasfinanzasencorto.com\/wp-content\/uploads\/2026\/02\/Video-consulta-saldo-1.png 1331w\" sizes=\"(max-width: 300px) 100vw, 300px\" \/><\/div><\/a>\n\t\t\t\t<div class=\"elementor-post__badge\">Bienestar financiero<\/div>\n\t\t\t\t<div class=\"elementor-post__text\">\n\t\t\t\t<h1 class=\"elementor-post__title\">\n\t\t\t<a href=\"https:\/\/nuestrasfinanzasencorto.com\/inicio\/quieres-consultar-tu-saldo-en-tu-tarjeta-del-banco-del-bienestar\/\" >\n\t\t\t\t\u00bfQuieres consultar el saldo en tu tarjeta del Banco del Bienestar?\t\t\t<\/a>\n\t\t<\/h1>\n\t\t\t\t<\/div>\n\t\t\t\t\t<\/div>\n\t\t<\/article>\n\t\t\t\t<article class=\"elementor-post elementor-grid-item post-3707 post type-post status-publish format-video has-post-thumbnail hentry category-control-financiero tag-jovenes post_format-post-format-video formato-video\" role=\"listitem\">\n\t\t\t<div class=\"elementor-post__card\">\n\t\t\t\t<a class=\"elementor-post__thumbnail__link\" href=\"https:\/\/nuestrasfinanzasencorto.com\/inicio\/inicia-tu-ahorro-con-el-banco-del-bienestar\/\" tabindex=\"-1\" ><div class=\"elementor-post__thumbnail\"><img loading=\"lazy\" decoding=\"async\" width=\"300\" height=\"200\" src=\"https:\/\/nuestrasfinanzasencorto.com\/wp-content\/uploads\/2026\/02\/IMG_8240-Recovered-Recuperado-300x200.jpg\" class=\"attachment-medium size-medium wp-image-3711\" alt=\"\" srcset=\"https:\/\/nuestrasfinanzasencorto.com\/wp-content\/uploads\/2026\/02\/IMG_8240-Recovered-Recuperado-300x200.jpg 300w, https:\/\/nuestrasfinanzasencorto.com\/wp-content\/uploads\/2026\/02\/IMG_8240-Recovered-Recuperado-1024x683.jpg 1024w, https:\/\/nuestrasfinanzasencorto.com\/wp-content\/uploads\/2026\/02\/IMG_8240-Recovered-Recuperado-768x512.jpg 768w, https:\/\/nuestrasfinanzasencorto.com\/wp-content\/uploads\/2026\/02\/IMG_8240-Recovered-Recuperado-1536x1024.jpg 1536w, https:\/\/nuestrasfinanzasencorto.com\/wp-content\/uploads\/2026\/02\/IMG_8240-Recovered-Recuperado-2048x1365.jpg 2048w, https:\/\/nuestrasfinanzasencorto.com\/wp-content\/uploads\/2026\/02\/IMG_8240-Recovered-Recuperado-600x400.jpg 600w\" sizes=\"(max-width: 300px) 100vw, 300px\" \/><\/div><\/a>\n\t\t\t\t<div class=\"elementor-post__badge\">Control financiero<\/div>\n\t\t\t\t<div class=\"elementor-post__text\">\n\t\t\t\t<h1 class=\"elementor-post__title\">\n\t\t\t<a href=\"https:\/\/nuestrasfinanzasencorto.com\/inicio\/inicia-tu-ahorro-con-el-banco-del-bienestar\/\" >\n\t\t\t\tInicia tu ahorro con el Banco del Bienestar\t\t\t<\/a>\n\t\t<\/h1>\n\t\t\t\t<\/div>\n\t\t\t\t\t<\/div>\n\t\t<\/article>\n\t\t\t\t<article class=\"elementor-post elementor-grid-item post-2055 post type-post status-publish format-standard has-post-thumbnail hentry category-bienestar-financiero tag-jovenes formato-articulo\" role=\"listitem\">\n\t\t\t<div class=\"elementor-post__card\">\n\t\t\t\t<a class=\"elementor-post__thumbnail__link\" href=\"https:\/\/nuestrasfinanzasencorto.com\/inicio\/el-amor-y-el-bolsillo-guia-de-finanzas-para-citas-en-la-gen-z\/\" tabindex=\"-1\" ><div class=\"elementor-post__thumbnail\"><img loading=\"lazy\" decoding=\"async\" width=\"300\" height=\"167\" src=\"https:\/\/nuestrasfinanzasencorto.com\/wp-content\/uploads\/2026\/01\/Jovenes-coyaocan-300x167.png\" class=\"attachment-medium size-medium wp-image-2056\" alt=\"\" srcset=\"https:\/\/nuestrasfinanzasencorto.com\/wp-content\/uploads\/2026\/01\/Jovenes-coyaocan-300x167.png 300w, https:\/\/nuestrasfinanzasencorto.com\/wp-content\/uploads\/2026\/01\/Jovenes-coyaocan-1024x572.png 1024w, https:\/\/nuestrasfinanzasencorto.com\/wp-content\/uploads\/2026\/01\/Jovenes-coyaocan-768x429.png 768w, https:\/\/nuestrasfinanzasencorto.com\/wp-content\/uploads\/2026\/01\/Jovenes-coyaocan-600x335.png 600w, https:\/\/nuestrasfinanzasencorto.com\/wp-content\/uploads\/2026\/01\/Jovenes-coyaocan.png 1376w\" sizes=\"(max-width: 300px) 100vw, 300px\" \/><\/div><\/a>\n\t\t\t\t<div class=\"elementor-post__badge\">Bienestar financiero<\/div>\n\t\t\t\t<div class=\"elementor-post__text\">\n\t\t\t\t<h1 class=\"elementor-post__title\">\n\t\t\t<a href=\"https:\/\/nuestrasfinanzasencorto.com\/inicio\/el-amor-y-el-bolsillo-guia-de-finanzas-para-citas-en-la-gen-z\/\" >\n\t\t\t\tCrush s\u00ed, deudas no: \u00bfc\u00f3mo sobrevivir al romance sin perder la quincena?\t\t\t<\/a>\n\t\t<\/h1>\n\t\t\t\t<\/div>\n\t\t\t\t\t<\/div>\n\t\t<\/article>\n\t\t\t\t<article class=\"elementor-post elementor-grid-item post-3562 post type-post status-publish format-standard has-post-thumbnail hentry category-control-financiero tag-mujeres tag-jovenes formato-podcast\" role=\"listitem\">\n\t\t\t<div class=\"elementor-post__card\">\n\t\t\t\t<a class=\"elementor-post__thumbnail__link\" href=\"https:\/\/nuestrasfinanzasencorto.com\/inicio\/ahorro-y-dinero-2\/\" tabindex=\"-1\" ><div class=\"elementor-post__thumbnail\"><img loading=\"lazy\" decoding=\"async\" width=\"300\" height=\"300\" src=\"https:\/\/nuestrasfinanzasencorto.com\/wp-content\/uploads\/2026\/01\/Mniatura-episodio-2-2-300x300.png\" class=\"attachment-medium size-medium wp-image-2566\" alt=\"\" srcset=\"https:\/\/nuestrasfinanzasencorto.com\/wp-content\/uploads\/2026\/01\/Mniatura-episodio-2-2-300x300.png 300w, https:\/\/nuestrasfinanzasencorto.com\/wp-content\/uploads\/2026\/01\/Mniatura-episodio-2-2-1024x1024.png 1024w, https:\/\/nuestrasfinanzasencorto.com\/wp-content\/uploads\/2026\/01\/Mniatura-episodio-2-2-150x150.png 150w, https:\/\/nuestrasfinanzasencorto.com\/wp-content\/uploads\/2026\/01\/Mniatura-episodio-2-2-768x768.png 768w, https:\/\/nuestrasfinanzasencorto.com\/wp-content\/uploads\/2026\/01\/Mniatura-episodio-2-2-100x100.png 100w, https:\/\/nuestrasfinanzasencorto.com\/wp-content\/uploads\/2026\/01\/Mniatura-episodio-2-2-600x600.png 600w, https:\/\/nuestrasfinanzasencorto.com\/wp-content\/uploads\/2026\/01\/Mniatura-episodio-2-2-250x250.png 250w, https:\/\/nuestrasfinanzasencorto.com\/wp-content\/uploads\/2026\/01\/Mniatura-episodio-2-2.png 1400w\" sizes=\"(max-width: 300px) 100vw, 300px\" \/><\/div><\/a>\n\t\t\t\t<div class=\"elementor-post__badge\">Control financiero<\/div>\n\t\t\t\t<div class=\"elementor-post__text\">\n\t\t\t\t<h1 class=\"elementor-post__title\">\n\t\t\t<a href=\"https:\/\/nuestrasfinanzasencorto.com\/inicio\/ahorro-y-dinero-2\/\" >\n\t\t\t\tAhorro y dinero\t\t\t<\/a>\n\t\t<\/h1>\n\t\t\t\t<\/div>\n\t\t\t\t\t<\/div>\n\t\t<\/article>\n\t\t\t\t<\/div>\n\t\t\n\t\t\t\t<div class=\"e-load-more-anchor\" data-page=\"1\" data-max-page=\"4\" data-next-page=\"https:\/\/nuestrasfinanzasencorto.com\/inicio\/wp-json\/wp\/v2\/pages\/1246\/page\/2\/\"><\/div>\n\t\t\t\t<nav class=\"elementor-pagination\" aria-label=\"Pagination\">\n\t\t\t<span aria-current=\"page\" class=\"page-numbers current\"><span class=\"elementor-screen-only\">Page<\/span>1<\/span>\n<a class=\"page-numbers\" href=\"https:\/\/nuestrasfinanzasencorto.com\/inicio\/wp-json\/wp\/v2\/pages\/1246\/page\/2\/\"><span class=\"elementor-screen-only\">Page<\/span>2<\/a>\n<a class=\"page-numbers\" href=\"https:\/\/nuestrasfinanzasencorto.com\/inicio\/wp-json\/wp\/v2\/pages\/1246\/page\/3\/\"><span class=\"elementor-screen-only\">Page<\/span>3<\/a>\n<a class=\"page-numbers\" href=\"https:\/\/nuestrasfinanzasencorto.com\/inicio\/wp-json\/wp\/v2\/pages\/1246\/page\/4\/\"><span class=\"elementor-screen-only\">Page<\/span>4<\/a>\t\t<\/nav>\n\t\t\t\t\t\t<\/div>\n\t\t\t\t<\/div>\n\t\t\t\t\t<\/div>\n\t\t\t\t<\/div>\n\t\t\t\t<\/div>\n\t\t","protected":false},"excerpt":{"rendered":"<div class=\"tmnf_excerpt\">J\u00f3venes Aqu\u00ed encontrar\u00e1s tips y consejos para que tu dinero te rinda m\u00e1s: c\u00f3mo ahorrar para tus metas, usar tu tarjeta, organizar tus gastos y\n<\/div>","protected":false},"author":2,"featured_media":0,"parent":97,"menu_order":0,"comment_status":"closed","ping_status":"closed","template":"elementor_header_footer","meta":{"_acf_changed":false,"footnotes":""},"class_list":["post-1246","page","type-page","status-publish","hentry"],"acf":[],"_hostinger_reach_plugin_has_subscription_block":false,"_hostinger_reach_plugin_is_elementor":false,"_links":{"self":[{"href":"https:\/\/nuestrasfinanzasencorto.com\/inicio\/wp-json\/wp\/v2\/pages\/1246","targetHints":{"allow":["GET"]}}],"collection":[{"href":"https:\/\/nuestrasfinanzasencorto.com\/inicio\/wp-json\/wp\/v2\/pages"}],"about":[{"href":"https:\/\/nuestrasfinanzasencorto.com\/inicio\/wp-json\/wp\/v2\/types\/page"}],"author":[{"embeddable":true,"href":"https:\/\/nuestrasfinanzasencorto.com\/inicio\/wp-json\/wp\/v2\/users\/2"}],"replies":[{"embeddable":true,"href":"https:\/\/nuestrasfinanzasencorto.com\/inicio\/wp-json\/wp\/v2\/comments?post=1246"}],"version-history":[{"count":22,"href":"https:\/\/nuestrasfinanzasencorto.com\/inicio\/wp-json\/wp\/v2\/pages\/1246\/revisions"}],"predecessor-version":[{"id":5001,"href":"https:\/\/nuestrasfinanzasencorto.com\/inicio\/wp-json\/wp\/v2\/pages\/1246\/revisions\/5001"}],"up":[{"embeddable":true,"href":"https:\/\/nuestrasfinanzasencorto.com\/inicio\/wp-json\/wp\/v2\/pages\/97"}],"wp:attachment":[{"href":"https:\/\/nuestrasfinanzasencorto.com\/inicio\/wp-json\/wp\/v2\/media?parent=1246"}],"curies":[{"name":"wp","href":"https:\/\/api.w.org\/{rel}","templated":true}]}}